 the greatest common factor of 6192 and 523998.
774
Calculate the highest common factor of 256 and 5224.
8
Calculate the greatest common divisor of 321 and 69.
3
Calculate the greatest common factor of 2162237 and 77.
77
What is the highest common divisor of 2272875 and 330?
165
Calculate the greatest common factor of 3592 and 9878.
898
Calculate the greatest common divisor of 617100 and 3575.
275
What is the highest common factor of 3 and 52617?
3
Calculate the greatest common factor of 40 and 2590.
10
Calculate the greatest common divisor of 2080 and 14680.
40
Calculate the highest common divisor of 55576 and 8.
8
Calculate the highest common factor of 104632 and 51997.
319
What is the greatest common divisor of 193366 and 1744?
218
Calculate the highest common factor of 14 and 2289.
7
Calculate the highest common factor of 1616562 and 108.
18
What is the highest common divisor of 4020 and 120?
60
What is the highest common factor of 618 and 17211?
3
What is the greatest common factor of 2196 and 768051?
549
What is the greatest common divisor of 220 and 70780?
20
What is the highest common divisor of 164373 and 22?
11
What is the highest common divisor of 485 and 5230725?
485
What is the greatest common divisor of 4554 and 8901?
207
What is the greatest common divisor of 3089424 and 2496?
624
Calculate the greatest common divisor of 160 and 100840.
40
What is the greatest common divisor of 2757890 and 790?
790
What is the highest common factor of 24565 and 34?
17
What is the highest common factor of 152782 and 392?
98
What is the highest common divisor of 157058 and 132?
22
What is the greatest common divisor of 11166 and 24?
6
What is the highest common divisor of 9571050 and 450?
450
What is the highest common factor of 27 and 515133?
27
What is the highest common divisor of 723220 and 20?
20
Calculate the greatest common factor of 208 and 243568.
208
Calculate the highest common divisor of 6669 and 245271.
741
What is the highest common divisor of 51 and 803556?
51
What is the highest common factor of 43 and 44333?
43
What is the highest common factor of 12 and 5540?
4
What is the greatest common factor of 13222 and 7238?
22
What is the greatest common factor of 63 and 4986261?
63
Calculate the highest common divisor of 8830 and 4460.
10
Calculate the highest common factor of 2352 and 208.
16
What is the highest common factor of 32 and 1151016?
8
What is the greatest common divisor of 63 and 4437?
9
Calculate the greatest common divisor of 2622 and 26266.
46
What is the highest common divisor of 20820 and 4320?
60
Calculate the greatest common divisor of 17568 and 10309.
61
What is the highest common factor of 196284 and 6072?
132
What is the highest common factor of 2212 and 756?
28
Calculate the highest common factor of 3562 and 5617.
137
What is the greatest common factor of 930248 and 1922?
1922
What is the highest common divisor of 37995 and 969?
51
Calculate the highest common divisor of 144790 and 160.
10
What is the highest common divisor of 427 and 323239?
427
Calculate the greatest common divisor of 17180 and 50.
10
What is the greatest common factor of 1491 and 3108?
21
Calculate the greatest common divisor of 297396 and 1485.
99
What is the highest common divisor of 17531 and 51101?
373
What is the highest common factor of 9647425 and 25?
25
What is the greatest common factor of 300 and 23060?
20
Calculate the highest common divisor of 2236 and 28028.
52
What is the greatest common factor of 147 and 595203?
147
Calculate the highest common factor of 6 and 93969.
3
Calculate the highest common divisor of 364 and 80288.
52
Calculate the highest common factor of 1113 and 36411.
159
Calculate the greatest common factor of 105980 and 308.
28
What is the highest common factor of 23125 and 37?
37
What is the greatest common divisor of 72 and 184584?
24
Calculate the highest common factor of 66 and 29298.
6
What is the highest common divisor of 167960 and 260?
260
What is the greatest common divisor of 1149544 and 22?
22
What is the highest common divisor of 9440 and 380?
20
What is the greatest common divisor of 8437 and 2717?
143
What is the highest common factor of 150870 and 1926?
642
What is the greatest common factor of 745 and 85?
5
What is the highest common factor of 88 and 478456?
88
Calculate the greatest common divisor of 1812 and 3713694.
906
What is the highest common divisor of 95871 and 6?
3
Calculate the highest common factor of 22911 and 7.
7
What is the greatest common factor of 83151 and 153?
9
What is the highest common divisor of 4428 and 2904?
12
Calculate the greatest common factor of 48396 and 999.
111
What is the greatest common factor of 282165 and 6630?
195
What is the highest common divisor of 676 and 3328?
52
Calculate the greatest common divisor of 544 and 1041556.
68
Calculate the highest common factor of 9750 and 715.
65
What is the greatest common divisor of 2283596 and 392?
196
Calculate the greatest common divisor of 24477 and 246.
123
What is the highest common divisor of 208 and 23140?
52
Calculate the highest common divisor of 16 and 47086.
2
Calculate the greatest common factor of 24 and 21839.
1
What is the highest common divisor of 5015 and 15?
5
What is the highest common divisor of 11328 and 14172?
12
What is the greatest common factor of 230 and 21300?
10
Calculate the greatest common factor of 18466 and 14.
14
What is the greatest common divisor of 695086 and 379?
379
Calculate the greatest common factor of 93938 and 13.
13
Calculate the greatest common divisor of 293700 and 60.
60
Calculate the highest common factor of 920676 and 4380.
876
What is the highest common factor of 2170 and 191170?
70
What is the highest common divisor of 173862 and 121109?
743
Calculate the highest common divisor of 209070 and 3910.
230
Calculate the highest common factor of 606 and 150692.
202
Calculate the highest common divisor of 3340 and 68.
4
What is the greatest common factor of 8800 and 3760?
80
Calculate the greatest common divisor of 19384 and 172.
4
Calculate the highest common divisor of 9243 and 34128.
711
Calculate the greatest common divisor of 85 and 711365.
85
What is the highest common divisor of 94 and 5123?
47
Calculate the highest common factor of 13359 and 36354.
219
What is the greatest common divisor of 134 and 37453?
67
Calculate the highest common factor of 8272085 and 389.
389
What is the greatest common factor of 2349 and 49221?
27
Calculate the highest common divisor of 447350 and 750.
50
Calculate the greatest common factor of 418 and 1945999.
209
What is the greatest common factor of 420 and 2490?
30
What is the greatest common divisor of 570 and 6289?
19
What is the highest common factor of 536 and 201?
67
Calculate the greatest common factor of 1965 and 196369.
131
What is the greatest common divisor of 1835958 and 1256?
314
What is the greatest common factor of 75450 and 375?
75
Calculate the highest common divisor of 107934 and 102.
6
Calculate the greatest common factor of 839010 and 10.
10
Calculate the highest common factor of 48 and 95352.
24
Calculate the greatest common divisor of 16813 and 119.
17
Calculate the highest common divisor of 28 and 7054.
2
Calculate the greatest common factor of 1105 and 671177.
221
What is the highest common factor of 405470 and 104?
26
What is the highest common divisor of 3366 and 4734?
18
Calculate the greatest common divisor of 107520 and 420.
420
Calculate the highest common divisor of 60 and 105540.
60
What is the greatest common factor of 57344 and 448?
448
Calculate the highest common factor of 946 and 72952.
22
What is the greatest common factor of 9384 and 12696?
552
Calculate the highest common factor of 2392 and 104.
104
Calculate the greatest common factor of 6159 and 9.
3
What is the greatest common divisor of 2547550 and 50?
50
What is the greatest common factor of 189030 and 70?
10
What is the greatest common factor of 14233 and 4303?
331
What is the greatest common factor of 1577 and 398815?
83
What is the highest common divisor of 14553 and 51513?
231
Calculate the greatest common divisor of 14504 and 1568.
392
Calculate the highest common factor of 127379 and 2387.
217
What is the highest common divisor of 910 and 